re the prime factors of u(23)?
2, 227
Suppose 0*x + 3*x = 0. Suppose -5*m - 15 = x, 4*r - 11 = 3*m + 18. List the prime factors of r.
5
Let g = 78 + -76. Suppose p = 3*l + 2*p - 86, g*l + 2*p - 52 = 0. What are the prime factors of l?
2, 3, 5
Let d(n) = n + 2. Let k be d(2). Let b(x) = 2*x. Let i be b(k). Let z = 10 - i. What are the prime factors of z?
2
Let a(t) = t**3 - 15*t**2 + 11*t - 17. Suppose -5*u + u = -5*r + 79, r + 2*u - 13 = 0. List the prime factors of a(r).
2, 37
Suppose 0 = 2*f - 9*f + 4410. List the prime factors of f.
2, 3, 5, 7
Let t be (2 - -3) + 0/(-2). Suppose 0 = -t*s - 1 - 14. What are the prime factors of (7/s + 3)*39?
2, 13
Let g be 5/2*(-476)/(-35). Suppose -44 = l - 6*l + 2*n, -n - g = -4*l. What are the prime factors of l?
2
Suppose 5*t - 10 = 3*t. Suppose 0 = -5*s + 5*j - 4*j + 12, j = -t*s + 18. Suppose i - 2*k - 8 = 18, 4*i - 109 = s*k. What are the prime factors of i?
2, 7
Suppose -3*l + 3*i = -660, 4*l - i + 179 = 1047. Suppose 3*v = 9*v + l. Let k = 74 + v. What are the prime factors of k?
2, 19
Let z(a) = 4*a**2 + 3*a + 17. Suppose -3*d - 3 = 12. List the prime factors of z(d).
2, 3, 17
Let s = -2137 - -3322. List the prime factors of s.
3, 5, 79
Let s(b) = 1067*b**2 + 34*b + 54. What are the prime factors of s(-2)?
2, 3, 709
Let m = 1556 + -97. List the prime factors of m.
1459
Suppose 4*r = -3*r + 245. Let s = r + -1. Suppose s = 4*h + 2*q, 4*h - 7 - 30 = -q. What are the prime factors of h?
2, 5
Let p(b) be the second derivative of -b**4/12 - 3*b**3 + 27*b**2/2 - 23*b. List the prime factors of p(-15).
2, 3
Let r(f) be the first derivative of 5*f**2/2 - 3*f - 78. Let n be -4 + 2 - (-7 + 0). What are the prime factors of r(n)?
2, 11
Let b be 36*(3/2)/3. Suppose -2*m - m = -b. Suppose -m*c + 3*c = -66. What are the prime factors of c?
2, 11
Suppose 2085 = 5*x - t, 175 = x + 5*t - 268. What are the prime factors of x?
2, 11, 19
Suppose 275 = -0*v + v. Suppose -7*u + 103 = -v. What are the prime factors of u?
2, 3
Let r = 4116 + 570. What are the prime factors of r?
2, 3, 11, 71
What are the prime factors of 3368 - -2 - (-3 + 6)?
7, 13, 37
Let m = 80 + 109. What are the prime factors of m?
3, 7
Let f(z) = z**2 - 24*z - 40. Let o be f(-15). Suppose 3*l + 5*i = 535, 8*i + o = 3*l + 3*i. List the prime factors of l.
2, 3, 5
Suppose -2*x - 2*t + 29 = 3*x, -3*t = 2*x - 16. Let u(j) = j + 2. Let g be u(2). Suppose 3*a = g*c - 23, 4*a + a + x = 0. What are the prime factors of c?
5
Let q = 23 + -42. Let g = -17 - q. Suppose g*u = -4*z - 0*u + 112, 0 = 5*z - 4*u - 166. List the prime factors of z.
2, 3, 5
Let a = -20 + 23. Suppose 0 = a*n + 4*h - 287, 5*n - 4*h = 97 + 360. What are the prime factors of n?
3, 31
List the prime factors of ((-4935)/63 - 17)*(-39)/2.
11, 13
Let x(q) = 55*q - 1. Let w(m) = -8*m + 2*m + m**2 + 1 + 4*m. Let u be w(0). What are the prime factors of x(u)?
2, 3
Suppose -a = -j, -5 = a + 5*j - 17. Suppose -4*p + 0*w = -a*w - 1250, w + 1247 = 4*p. What are the prime factors of p?
311
Suppose 3*s - 15 = -6. Let q(n) = n**s + 0*n + 3*n**3 - 1 + n**2 + 3*n. List the prime factors of q(2).
41
Let p = 364 - 69. Suppose 2*v = -0*y - 2*y + 114, 5*v - 5*y = p. What are the prime factors of v?
2, 29
Let o(l) = -l**3 - 67*l**2 + 108*l + 166. What are the prime factors of o(-69)?
2, 13, 43
Suppose -105*m + 745 = -100*m. List the prime factors of m.
149
Suppose -4*q + 5*q - 9 = 3*t, -4*t - 14 = -2*q. What are the prime factors of t*124/(20/(-5))?
2, 31
Suppose 1464 = 2*y + 5*z, -5*y - 857 + 4540 = z. List the prime factors of y.
11, 67
Let m(k) = -k**2 - 21*k - 6. Let a be m(-9). Suppose 0 = 13*l - 16*l + a. List the prime factors of l.
2, 17
Let l = 5857 + -2876. List the prime factors of l.
11, 271
List the prime factors of -1627*(5 + (-5 - 4) + 3).
1627
List the prime factors of (-5)/15 + ((-7856)/6)/(-4).
3, 109
Let o = 6 + -4. Suppose 2*h - 5*j - 29 = 0, -4*j + o = -h - 7*j. Let m = h + 0. What are the prime factors of m?
7
Suppose p - 3*h = 138, -138 = -3*p + 2*p - 3*h. Suppose 0 = -k - k + p. List the prime factors of k.
3, 23
Suppose w = 40 - 28. What are the prime factors of 788/w - 8/12?
5, 13
Let q be ((-3)/9)/((-2)/1278). Suppose 2*h + 2*a + 0*a = 144, q = 3*h + 4*a. Suppose -4*d + 37 = -h. What are the prime factors of d?
2, 7
Let z(v) = -59*v - 15. List the prime factors of z(-8).
457
Let m(g) = 33*g - 130. List the prime factors of m(11).
233
Suppose -4*w - o = -3*o - 1178, 299 = w + 4*o. What are the prime factors of w?
5, 59
What are the prime factors of (-7)/28*146*-66?
3, 11, 73
Suppose -4*c - 580 = -24. Let k = 86 + c. Let w = -35 - k. What are the prime factors of w?
2, 3
Suppose 98*q - 94*q - 4*o = 25036, 4*o = 3*q - 18780. What are the prime factors of q?
2, 17, 23
Suppose 7*c - 6*c = -k + 540, k = c + 536. What are the prime factors of k?
2, 269
Let w = -182 + 280. Let d = w - -24. List the prime factors of d.
2, 61
Let m be 2/(-6) - 52/(-12). Suppose m*u - h - 308 = h, -h - 4 = 0. List the prime factors of u.
3, 5
Suppose 2*t + 0*t - 240 = 0. What are the prime factors of t?
2, 3, 5
Let s(r) = r**2 + 2*r. Let i be s(-3). Let u be 3/(-6) + i/2. What are the prime factors of (-3)/((-12)/88*u)?
2, 11
Suppose 0 = -2*c + 343 + 473. What are the prime factors of c?
2, 3, 17
Let t = 0 - -5. Suppose -t*d = -423 + 103. List the prime factors of d.
2
List the prime factors of (-23 - 0)*-3*118/3.
2, 23, 59
Suppose 5*q = -5*n, 0 = 2*n + n - 9. Let o be -5*(4 + 20)/q. Suppose 4*k - 12 = o. What are the prime factors of k?
13
Let s be (-4)/22 + (-4)/(-22). Suppose s = n + 9 - 70. What are the prime factors of n?
61
Let v = 127 - -3619. List the prime factors of v.
2, 1873
Let m = 1 - -3. Suppose -m*h - 87 = -19. List the prime factors of 1 - h - (0 + 3).
3, 5
Suppose -5*u = 0, -8*l - 60 = -11*l - 3*u. List the prime factors of l.
2, 5
Let t(i) = -i**3 - 6*i**2 - i + 6. Let w be t(-6). Suppose -c = 5*k + w, 4*c = 5*k + 2 - 0. List the prime factors of (c - -4)*7/2.
7
Let a(u) = -1 + 0 + 6 - u**2 - 6*u - u. Let d be a(-7). Suppose d*h + 5*l = 95, -4*l + 29 + 1 = 2*h. List the prime factors of h.
23
Suppose 38 = 2*p - 8. Let b = p - 20. List the prime factors of (73/b)/((-2)/(-6)).
73
Suppose 0 = -3*t + 3*y + 8 + 43, 5*t - y - 65 = 0. Suppose 8*d + 220 = t*d. What are the prime factors of d?
5, 11
Suppose -2*i - 2*v = -7646, -29*i + 27*i - 3*v + 7651 = 0. List the prime factors of i.
2, 23, 83
Let a(k) = -k**2 + 5*k + 33. Let s be a(9). What are the prime factors of (1 - (0 + 4))*(s - 32)?
3, 5, 7
Let q be 574/11 - -8*2/(-88). Let g = 87 - q. List the prime factors of g.
5, 7
Let j(q) = q - 1. Let g be j(-8). Let o = -5 - g. Suppose 3*z = o*z - 14. What are the prime factors of z?
2, 7
Let x(q) = -6*q + 6. Let m be x(-5). Suppose 0 = 4*d + a - 9, 14*d - 3 = 16*d + 3*a. Suppose -d*s + m = -s. What are the prime factors of s?
2, 3
Let u(g) = 40*g - 13. Let c be u(4). Let s = -159 + 59. Let t = s + c. List the prime factors of t.
47
Let a(y) be the second derivative of -2*y**2 + y + 0 - 1/6*y**3. List the prime factors of a(-7).
3
Let d = 5 - 3. Suppose 0*q = -5*h - q + 12, 5*h - d*q = 6. Suppose 3*a = h*a + 17. List the prime factors of a.
17
Let a(w) be the first derivative of 2*w**3 - 4*w**2 + 1/4*w**4 - 3*w - 2. What are the prime factors of a(-7)?
2
Let m be (-10)/45 - (-2)/9. Suppose -41*w + 39*w + 472 = m. List the prime factors of w.
2, 59
Suppose -7*y + 10*y + 2285 = 5*s, 3*s + 5*y - 1337 = 0. What are the prime factors of s?
2, 227
Let d(p) = p**2 + 17*p - 2. List the prime factors of d(-28).
2, 3, 17
Suppose 3*z = 4*v - 7673, 2*z - 9807 + 2109 = -4*v. What are the prime factors of v?
2, 31
Suppose 31*p + 319 = 33*p + x, 4*x + 137 = p. What are the prime factors of p?
157
Suppose -6*a - 3*v + 24 = -3*a, 0 = 3*v - 6. Suppose a*y - 53 = 49. What are the prime factors of y?
17
Suppose -5*l + 2*i + 2563 = -2*i, -5*l + 3*i + 2561 = 0. List the prime factors of l.
7, 73
Let t(z) = -z**2 - 15*z. Let s be t(-15). Let j be 2 + -2 + 1 - 1. Suppose r - 5 + s = j. List the prime factors of r.
5
Let o(h) = 11 + 11 - h - 23. Let z be o(2). What are the prime factors of 50 + 1*9/z?
47
Suppose 0 = 6*g - 2*g + 12. List the prime factors of 10 + 4*g/(-6).
2, 3
Let d(l) = 4*l**2 - 3*l + 13. Let f(i) = 5*i*